{"id":211,"date":"2019-11-21T14:07:12","date_gmt":"2019-11-21T13:07:12","guid":{"rendered":"https:\/\/oke.jaworzno.pl\/www3\/?page_id=211"},"modified":"2025-03-06T13:20:09","modified_gmt":"2025-03-06T12:20:09","slug":"deklaracja-dostepnosci","status":"publish","type":"page","link":"https:\/\/oke.jaworzno.pl\/www3\/o-oke\/deklaracja-dostepnosci\/","title":{"rendered":"Deklaracja dost\u0119pno\u015bci serwisu Okr\u0119gowej Komisji Egzaminacyjnej w Jaworznie"},"content":{"rendered":"\n<p>Okr\u0119gowa Komisja Egzaminacyjna w Jaworznie zobowi\u0105zuje si\u0119 zapewni\u0107 dost\u0119pno\u015b\u0107 swoich stron internetowych zgodnie z przepisami ustawy z&nbsp;dnia 4 kwietnia 2019 r. o dost\u0119pno\u015bci cyfrowej stron internetowych i aplikacji mobilnych podmiot\u00f3w publicznych. O\u015bwiadczenie w sprawie dost\u0119pno\u015bci ma zastosowanie do stron internetowych: <a href=\"http:\/\/bip.oke.jaworzno.pl\" class=\"ek-link\">bip.oke.jaworzno.pl<\/a> oraz <a href=\"http:\/\/oke.jaworzno.pl\" class=\"ek-link\">oke.jaworzno.pl<\/a>.<\/p>\n\n\n\n<p><strong>Data publikacji strony internetowej<\/strong>:<br>bip.oke.jaworzno.pl &#8211; 31.10.2012 r.<br>oke.jaworzno.pl &#8211; 31.10.2012 r.<\/p>\n\n\n\n<p><strong>Data ostatniej istotnej aktualizacji<\/strong>:<br>bip.oke.jaworzno.pl &#8211; 30.10.2020 r.<br>oke.jaworzno.pl &#8211; 30.10.2020 r.<\/p>\n\n\n\n<p><strong>Data ostatniego przegl\u0105du deklaracji<\/strong>:<br>bip.oke.jaworzno.pl &#8211; 20.09.2023 r.<br>oke.jaworzno.pl &#8211; 20.09.2023 r.<br><br>OKE w Jaworznie o\u015bwiadcza, \u017ce jej strony internetowe s\u0105 w pe\u0142ni zgodne z przepisami ustawy z dnia 4 kwietnia 2019 r. o dost\u0119pno\u015bci cyfrowej stron internetowych i aplikacji mobilnych podmiot\u00f3w publicznych.<\/p>\n\n\n\n<p><strong>O\u015bwiadczenie sporz\u0105dzono dnia<\/strong>: \u00a030.10.2020 r.<br>Deklaracj\u0119 sporz\u0105dzono na podstawie samooceny przeprowadzonej przez Okr\u0119gow\u0105 Komisj\u0119 Egzaminacyjn\u0105 w Jaworznie w zakresie spe\u0142niania warunk\u00f3w dost\u0119pno\u015bci cyfrowej okre\u015blonych w ustawie. W szczeg\u00f3lno\u015bci strony internetowe OKE zosta\u0142y ocenione pod k\u0105tem:<br>\u2013 <strong>funkcjonalno\u015bci<\/strong>, czyli w\u0142a\u015bciwo\u015bci stron internetowych umo\u017cliwiaj\u0105cej u\u017cytkownikowi skorzystanie ze wszystkich oferowanych przez nie funkcji;<br>\u2013 <strong>kompatybilno\u015bci<\/strong>, czyli w\u0142a\u015bciwo\u015bci stron internetowych umo\u017cliwiaj\u0105cej tym stronom wsp\u00f3\u0142prac\u0119 z mo\u017cliwie najwi\u0119ksz\u0105 liczb\u0105 program\u00f3w, w tym z narz\u0119dziami i programami wspomagaj\u0105cymi osoby niepe\u0142nosprawne;<br>\u2013 <strong>postrzegalno\u015bci<\/strong>, czyli w\u0142a\u015bciwo\u015bci stron internetowych umo\u017cliwiaj\u0105cej ich odbi\u00f3r przez u\u017cytkownika za pomoc\u0105 zmys\u0142u s\u0142uchu, wzroku lub dotyku;<br>\u2013 <strong>zrozumia\u0142o\u015bci<\/strong>, czyli w\u0142a\u015bciwo\u015bci stron internetowych umo\u017cliwiaj\u0105cej u\u017cytkownikowi tych stron zrozumienie tre\u015bci i sposobu ich prezentacji.<\/p>\n\n\n\n<p><strong>Na stronie internetowej mo\u017cna korzysta\u0107 ze standardowych skr\u00f3t\u00f3w klawiaturowych.<\/strong><br>Podmiotowe strony zosta\u0142y zaprojektowane tak, aby jak najwi\u0119ksza liczba u\u017cytkownik\u00f3w mog\u0142a z nich korzysta\u0107 u\u017cywaj\u0105c r\u00f3\u017cnych system\u00f3w operacyjnych i r\u00f3\u017cnych przegl\u0105darek. Dla os\u00f3b s\u0142abowidz\u0105cych przeznaczona jest wersja tekstowa oraz wersja o&nbsp;zwi\u0119kszonym kontra\u015bcie. Mo\u017cliwa jest te\u017c zmiana wielko\u015bci czcionki tekstu w publikowanych artyku\u0142ach.<br>Opr\u00f3cz myszki po witrynach mo\u017cna si\u0119 porusza\u0107 za pomoc\u0105 klawiatury. Klawisz &#8222;TAB&#8221; przesunie fokus do ka\u017cdej z opcji nawigacji lub link\u00f3w na ekranie. Kombinacja klawiszy Shift+TAB cofnie fokus na poprzedni element nawigacji. Naciskaj\u0105c Enter nast\u0105pi przej\u015bcie do zaznaczonego odno\u015bnika. U\u017cywaj\u0105c strza\u0142ek &#8222;w d\u00f3\u0142&#8221; i &#8222;w g\u00f3r\u0119&#8221; mo\u017cna przewija\u0107 stron\u0119.<\/p>\n\n\n\n<p><strong>Informacje zwrotne i dane kontaktowe<\/strong><br>W przypadku problem\u00f3w z dost\u0119pno\u015bci\u0105 strony internetowej prosimy o informacj\u0119. Osob\u0105 odpowiedzialn\u0105 jest Bartosz Celarek. Kontakt: bcelarek[at]oke.jaworzno.pl, tel. 32 784 16 35. T\u0105 sam\u0105 drog\u0105 mo\u017cna sk\u0142ada\u0107 wnioski o udost\u0119pnienie informacji niedost\u0119pnej oraz sk\u0142ada\u0107 \u017c\u0105dania zapewnienia dost\u0119pno\u015bci architektonicznej lub informacyjno-komunikacyjnej &#8211; <a href=\"https:\/\/oke.jaworzno.pl\/www3\/wp-content\/uploads\/ogolne\/Wniosek_o_zapewnienie_dostepnosci.docx\" class=\"ek-link\">Wniosek o&nbsp;zapewnieniu dost\u0119pno\u015bci<\/a>.<\/p>\n\n\n\n<p>Za rozpatrywanie skarg i wniosk\u00f3w dotycz\u0105cych dost\u0119pno\u015bci cyfrowej serwis\u00f3w <a href=\"http:\/\/bip.oke.jaworzno.pl\" class=\"ek-link\">bip.oke.jaworzno.pl<\/a> oraz <a href=\"http:\/\/oke.jaworzno.pl\" class=\"ek-link\">oke.jaworzno.pl<\/a> odpowiada Bartosz Celarek, bcelarek[at]oke.jaworzno.pl, tel.32 784 16 35.<\/p>\n\n\n\n<p><strong>Informacje na temat procedury<\/strong><br>Ka\u017cdy ma prawo do wyst\u0105pienia z \u017c\u0105daniem zapewnienia dost\u0119pno\u015bci cyfrowej strony internetowej, aplikacji mobilnej lub jakiego\u015b ich elementu. Mo\u017cna tak\u017ce za\u017c\u0105da\u0107 udost\u0119pnienia informacji za pomoc\u0105 alternatywnego sposobu dost\u0119pu, na przyk\u0142ad przez odczytanie niedost\u0119pnego cyfrowo dokumentu, opisanie zawarto\u015bci filmu bez audiodeskrypcji itp. \u017b\u0105danie powinno zawiera\u0107 dane osoby zg\u0142aszaj\u0105cej \u017c\u0105danie, wskazanie, o kt\u00f3r\u0105 stron\u0119 internetow\u0105 lub aplikacj\u0119 mobiln\u0105 chodzi oraz spos\u00f3b kontaktu. Je\u017celi osoba \u017c\u0105daj\u0105ca zg\u0142asza potrzeb\u0119 otrzymania informacji za pomoc\u0105 alternatywnego sposobu dost\u0119pu, powinna tak\u017ce okre\u015bli\u0107 dogodny dla niej spos\u00f3b przedstawienia tej informacji. Podmiot publiczny powinien zrealizowa\u0107 \u017c\u0105danie niezw\u0142ocznie, nie p\u00f3\u017aniej ni\u017c w ci\u0105gu 7 dni od dnia wyst\u0105pienia z \u017c\u0105daniem. Je\u017celi dotrzymanie tego terminu nie jest mo\u017cliwe, podmiot publiczny niezw\u0142ocznie informuje o tym wnosz\u0105cego \u017c\u0105danie, kiedy realizacja \u017c\u0105dania b\u0119dzie mo\u017cliwa, przy czym termin ten nie mo\u017ce by\u0107 d\u0142u\u017cszy ni\u017c 2 miesi\u0105ce od dnia wyst\u0105pienia z \u017c\u0105daniem. Je\u017celi zapewnienie dost\u0119pno\u015bci cyfrowej nie jest mo\u017cliwe, podmiot publiczny mo\u017ce zaproponowa\u0107 alternatywny spos\u00f3b dost\u0119pu do informacji. W przypadku, gdy podmiot publiczny odm\u00f3wi realizacji \u017c\u0105dania zapewnienia dost\u0119pno\u015bci lub alternatywnego sposobu dost\u0119pu do informacji, wnosz\u0105cy \u017c\u0105danie mo\u017cne z\u0142o\u017cy\u0107 skarg\u0119 w sprawie zapewniana dost\u0119pno\u015bci cyfrowej strony internetowej, aplikacji mobilnej lub elementu strony internetowej, lub aplikacji mobilnej.<\/p>\n\n\n\n<p>Po wyczerpaniu wskazanej wy\u017cej procedury mo\u017cna tak\u017ce z\u0142o\u017cy\u0107 wniosek do <a href=\"https:\/\/www.rpo.gov.pl\/content\/jak-zglosic-sie-do-rzecznika-praw-obywatelskich\">Rzecznika Praw Obywatelskich<\/a>.<br>Biuro Rzecznika Praw Obywatelskich<br>Al. Solidarno\u015bci 77<br>00-090 Warszawa<\/p>\n\n\n\n<p><strong>Dost\u0119pno\u015b\u0107 architektoniczna<\/strong><br>Siedziba Okr\u0119gowej Komisji Egzaminacyjnej w Jaworznie mie\u015bci si\u0119 w Jaworznie (43-600 Jaworzno) przy ul. Adama Mickiewicza 4.<\/p>\n\n\n\n<ol class=\"wp-block-list\" style=\"list-style-type:1\">\n<li>Do budynku prowadzi wej\u015bcie g\u0142\u00f3wne og\u00f3lnodost\u0119pne znajduj\u0105ce si\u0119 przy ul. Mickiewicza 4. Wej\u015bcie jest otwarte w godzinach pracy urz\u0119du, tj. od 07.30 do 15.30.<\/li>\n\n\n\n<li>Punkt informacyjny znajduje si\u0119 po lewej stronie od wej\u015bcia g\u0142\u00f3wnego. Wyposa\u017cony jest w interkom.<\/li>\n\n\n\n<li>Komisja dysponuje jedn\u0105 p\u0119tl\u0105 indukcyjn\u0105.<\/li>\n\n\n\n<li>Wszystkich interesant\u00f3w przyjmuje si\u0119 wy\u0142\u0105cznie na parterze.<\/li>\n\n\n\n<li>Przy drzwiach g\u0142\u00f3wnych po lewej stronie znajduje si\u0119 dzwonek, informuj\u0105cy pracownika o konieczno\u015bci zej\u015bcia i potrzebie obs\u0142ugi interesanta w dogodny dla jego potrzeb spos\u00f3b (np. osoby niewidome, s\u0142abowidz\u0105ce, osoby na w\u00f3zkach inwalidzkich).<\/li>\n\n\n\n<li>Osoby na w\u00f3zkach inwalidzkich mog\u0105 skorzysta\u0107 z wej\u015bcia przez parking wewn\u0119trzny OKE w Jaworznie i wjecha\u0107 do budynku platform\u0105 przyschodow\u0105. Dla os\u00f3b na w\u00f3zkach dost\u0119pny jest tylko korytarz i pomieszczenia na parterze.<\/li>\n\n\n\n<li>Istnieje mo\u017cliwo\u015b\u0107 obs\u0142ugi os\u00f3b s\u0142abos\u0142ysz\u0105cych\/ nies\u0142ysz\u0105cych w j\u0119zyku migowym po uprzednim powiadomieniu i um\u00f3wieniu wizyty interesanta.<\/li>\n\n\n\n<li>Do budynku i wszystkich jego pomieszcze\u0144 mo\u017cna wej\u015b\u0107 z psem asystuj\u0105cym i psem przewodnikiem.<\/li>\n\n\n\n<li>W budynku nie ma windy.<\/li>\n\n\n\n<li>Toalety w budynku nie s\u0105 przystosowane dla os\u00f3b niepe\u0142nosprawnych.<\/li>\n\n\n\n<li>W budynku nie ma oznacze\u0144 w alfabecie Braille&#8217;a ani oznacze\u0144 kontrastowych lub w druku powi\u0119kszonym dla os\u00f3b niewidomych i\u00a0s\u0142abowidz\u0105cych.<\/li>\n<\/ol>\n\n\n\n<p>W odleg\u0142o\u015bci ok. 50 metr\u00f3w od wej\u015bcia g\u0142\u00f3wnego do budynku znajduje si\u0119 ca\u0142odobowy parking publiczny MCIT z wjazdami od strony ul.&nbsp;Mickiewicza i od strony ul. Kr\u00f3lowej Jadwigi posiadaj\u0105cy 6 miejsc dla niepe\u0142nosprawnych.<\/p>\n\n\n\n<p>OKE posiada wewn\u0119trzny parking. Miejsca parkingowe s\u0105 przeznaczone wy\u0142\u0105cznie dla wyznaczonych pracownik\u00f3w, dwa z nich s\u0105&nbsp;oznaczone dla os\u00f3b z niepe\u0142nosprawno\u015bci\u0105.<\/p>\n\n\n\n<p><strong>Sposoby dojazdu:<\/strong><br>Budynek OKE znajduje si\u0119 w \u015br\u00f3dmie\u015bciu, w \u015bcis\u0142ym centrum miasta Jaworzna.<br>W odleg\u0142o\u015bci ok. 150 metr\u00f3w od wej\u015bcia g\u0142\u00f3wnego do budynku znajduje si\u0119 przystanek PKM w Jaworznie \u2013 Centrum<br>ulica: Grunwaldzka, przystanek: Centrum (519)<br>linie: 303, 304, 305, 307, 314, 319, 344, 350, 369, 370, 372, 373, 374, A, E, J, N1, S<br>W odleg\u0142o\u015bci ok. 200 metr\u00f3w od wej\u015bcia g\u0142\u00f3wnego do urz\u0119du znajduje si\u0119 przystanek PKM w Jaworznie \u2013 Centrum<br>ulica: Grunwaldzka, przystanek: Centrum (42)<br>linie: 303, 305, 307, 313, 314, 319, 326, 344, 350, 369, 370, 372, 373, 374, A, E, J, S<br>Na liniach kursuj\u0105 pojazdy niskopod\u0142ogowe.<\/p>\n<div class=\"pdfprnt-buttons pdfprnt-buttons-page pdfprnt-bottom-left\"><a href=\"https:\/\/oke.jaworzno.pl\/www3\/wp-json\/wp\/v2\/pages\/211?print=pdf\" class=\"pdfprnt-button pdfprnt-button-pdf\" target=\"_blank\" ><span class=\"pdfprnt-button-title pdfprnt-button-pdf-title\">Wersja do druku<\/span><\/a><\/div>","protected":false},"excerpt":{"rendered":"<p>Okr\u0119gowa Komisja Egzaminacyjna w Jaworznie zobowi\u0105zuje si\u0119 zapewni\u0107 dost\u0119pno\u015b\u0107 swoich stron internetowych zgodnie z przepisami ustawy z&nbsp;dnia 4 kwietnia 2019&#46;&#46;&#46;<\/p>\n","protected":false},"author":1,"featured_media":0,"parent":62,"menu_order":0,"comment_status":"closed","ping_status":"closed","template":"","meta":{"_editorskit_title_hidden":false,"_editorskit_reading_time":2,"_editorskit_is_block_options_detached":false,"_editorskit_block_options_position":"{}","footnotes":""},"class_list":["post-211","page","type-page","status-publish","hentry"],"publishpress_future_workflow_manual_trigger":{"enabledWorkflows":[]},"_links":{"self":[{"href":"https:\/\/oke.jaworzno.pl\/www3\/wp-json\/wp\/v2\/pages\/211","targetHints":{"allow":["GET"]}}],"collection":[{"href":"https:\/\/oke.jaworzno.pl\/www3\/wp-json\/wp\/v2\/pages"}],"about":[{"href":"https:\/\/oke.jaworzno.pl\/www3\/wp-json\/wp\/v2\/types\/page"}],"author":[{"embeddable":true,"href":"https:\/\/oke.jaworzno.pl\/www3\/wp-json\/wp\/v2\/users\/1"}],"replies":[{"embeddable":true,"href":"https:\/\/oke.jaworzno.pl\/www3\/wp-json\/wp\/v2\/comments?post=211"}],"version-history":[{"count":2,"href":"https:\/\/oke.jaworzno.pl\/www3\/wp-json\/wp\/v2\/pages\/211\/revisions"}],"predecessor-version":[{"id":8708,"href":"https:\/\/oke.jaworzno.pl\/www3\/wp-json\/wp\/v2\/pages\/211\/revisions\/8708"}],"up":[{"embeddable":true,"href":"https:\/\/oke.jaworzno.pl\/www3\/wp-json\/wp\/v2\/pages\/62"}],"wp:attachment":[{"href":"https:\/\/oke.jaworzno.pl\/www3\/wp-json\/wp\/v2\/media?parent=211"}],"curies":[{"name":"wp","href":"https:\/\/api.w.org\/{rel}","templated":true}]}}