{"id":3283,"date":"2020-10-20T13:04:55","date_gmt":"2020-10-20T11:04:55","guid":{"rendered":"https:\/\/oke.jaworzno.pl\/www3\/?page_id=3283"},"modified":"2025-11-18T13:11:58","modified_gmt":"2025-11-18T12:11:58","slug":"szkolenia","status":"publish","type":"page","link":"https:\/\/oke.jaworzno.pl\/www3\/szkolenia\/","title":{"rendered":"Szkolenia"},"content":{"rendered":"\n<h3 class=\"wp-block-heading has-medium-font-size\">Dla kandydat\u00f3w na egzaminator\u00f3w<\/h3>\n\n\n\n<div class=\"wp-block-pb-accordion-item c-accordion__item js-accordion-item no-js\" data-initially-open=\"false\" data-click-to-close=\"true\" data-auto-close=\"true\" data-scroll=\"false\" data-scroll-offset=\"0\"><h3 id=\"at-32830\" class=\"c-accordion__title js-accordion-controller\" role=\"button\">Szko\u0142y og\u00f3lnokszta\u0142c\u0105ce<\/h3><div id=\"ac-32830\" class=\"c-accordion__content\">\n<p class=\"has-very-light-gray-background-color has-background\"><strong>WYMAGANIA, KT\u00d3RE POWINIEN SPE\u0141NIA\u0106 KANDYDAT NA EGZAMINATORA<\/strong><\/p>\n\n\n\n<p>Egzaminatorem egzaminu \u00f3smoklasisty lub egzaminu maturalnego mo\u017ce zosta\u0107 osoba, kt\u00f3ra spe\u0142nia <strong>jednocze\u015bnie <\/strong>nast\u0119puj\u0105ce <strong>wymagania<\/strong><a name=\"_ftnref1\" href=\"#_ftn1\" class=\"ek-link\">[1]<\/a>:<\/p>\n\n\n\n<ol class=\"wp-block-list\">\n<li>posiada kwalifikacje wymagane do zajmowania stanowiska nauczyciela w&nbsp;szkole, z zakresu kt\u00f3rej przeprowadzany jest egzamin, albo jest nauczycielem akademickim specjalizuj\u0105cym si\u0119 w dziedzinie, z kt\u00f3r\u0105 s\u0105 zwi\u0105zane zaj\u0119cia edukacyjne wchodz\u0105ce w zakres egzaminu,<\/li>\n\n\n\n<li>&nbsp;posiada co najmniej <strong>trzyletni<\/strong> sta\u017c pracy (uzyskany w okresie 6 lat przed z\u0142o\u017ceniem wniosku):<\/li>\n<\/ol>\n\n\n\n<ul class=\"wp-block-list\">\n<li><strong>dydaktycznej<\/strong> w szkole publicznej, szkole niepublicznej o&nbsp;uprawnieniach szko\u0142y publicznej, w zak\u0142adzie kszta\u0142cenia nauczycieli lub szkole wy\u017cszej,<\/li>\n\n\n\n<li>na stanowiskach wymagaj\u0105cych kwalifikacji pedagogicznych w&nbsp;plac\u00f3wce doskonalenia nauczycieli, urz\u0119dzie organu administracji rz\u0105dowej, kuratorium o\u015bwiaty lub innej jednostce sprawuj\u0105cej nadz\u00f3r pedagogiczny,<\/li>\n<\/ul>\n\n\n\n<ol start=\"3\" class=\"wp-block-list\">\n<li>spe\u0142nia warunki okre\u015blone w Karcie Nauczyciela<a name=\"_ftnref2\" href=\"#_ftn2\" class=\"ek-link\">[2]<\/a>, w tym m.in.:<\/li>\n<\/ol>\n\n\n\n<ul class=\"wp-block-list\">\n<li>posiada pe\u0142n\u0105 zdolno\u015b\u0107 do czynno\u015bci prawnych,<\/li>\n\n\n\n<li>korzysta z praw publicznych,<\/li>\n\n\n\n<li>nie by\u0142a skazana prawomocnym wyrokiem za umy\u015blne przest\u0119pstwo lub umy\u015blne przest\u0119pstwo skarbowe,<\/li>\n<\/ul>\n\n\n\n<ol start=\"4\" class=\"wp-block-list\">\n<li>uko\u0144czy\u0142a z wynikiem pozytywnym szkolenie dla kandydat\u00f3w na egzaminator\u00f3w organizowane przez Okr\u0119gow\u0105 Komisj\u0119 Egzaminacyjn\u0105.<\/li>\n<\/ol>\n\n\n\n<p class=\"has-very-light-gray-background-color has-background\"><strong>DOKUMENTY SK\u0141ADANE PRZEZ KANDYDATA NA EGZAMINATORA<\/strong> s\u0105 przyjmowane przez ca\u0142y rok niezale\u017cnie od termin\u00f3w szkole\u0144<\/p>\n\n\n\n<p>Kandydat na egzaminatora przesy\u0142a poczt\u0105 tradycyjn\u0105 na adres Okr\u0119gowej Komisji Egzaminacyjnej w Jaworznie nast\u0119puj\u0105cy komplet dokument\u00f3w<a name=\"_ftnref3\" href=\"#_ftn3\" class=\"ek-link\">[3]<\/a>;<\/p>\n\n\n\n<ol class=\"wp-block-list\">\n<li><strong> WNIOSEK<\/strong> o wpis do ewidencji egzaminator\u00f3w:<\/li>\n<\/ol>\n\n\n\n<p>1)&nbsp;&nbsp;w celu wygenerowania i wydrukowania wniosku, nale\u017cy za\u0142o\u017cy\u0107 konto w Serwisie dla kandydat\u00f3w na egzaminator\u00f3w, kt\u00f3ry jest dost\u0119pny na stronie internetowej: <a href=\"http:\/\/www.oke.jaworzno.pl\">http:\/\/www.oke.jaworzno.pl\/<\/a> w zak\u0142adce: SERWISY \u2192 dla kandydat\u00f3w na egzaminator\u00f3w \u2192 zak\u0142adka nr 3. Zak\u0142adanie konta,<\/p>\n\n\n\n<p>2)&nbsp;&nbsp;wniosek nale\u017cy czytelnie podpisa\u0107, a w przypadku innego nazwiska na za\u0142\u0105czonych dokumentach ni\u017c obecnie u\u017cywane, nale\u017cy wype\u0142ni\u0107 i podpisa\u0107 o\u015bwiadczenie na 1. stronie wniosku,<\/p>\n\n\n\n<p>3)&nbsp;&nbsp;tabel\u0119 <em>Zatrudnienie <\/em>uzupe\u0142nia i podpisuje pracodawca, potwierdzaj\u0105c w ten spos\u00f3b wymagany sta\u017c pracy kandydata.<\/p>\n\n\n\n<ol start=\"2\" class=\"wp-block-list\">\n<li>Po\u015bwiadczone za zgodno\u015b\u0107 z orygina\u0142em <strong>kopie DOKUMENT\u00d3W potwierdzaj\u0105cych posiadanie kwalifikacji wymaganych od nauczycieli<\/strong><a name=\"_ftnref4\" href=\"#_ftn4\" class=\"ek-link\">[4]<\/a><strong>:<\/strong><\/li>\n<\/ol>\n\n\n\n<p>1)&nbsp;&nbsp;dyplom uko\u0144czenia studi\u00f3w magisterskich na kierunku zgodnym z nauczanym przedmiotem, wymagany od kandydat\u00f3w na egzaminator\u00f3w maturalnych lub dyplom uko\u0144czenia studi\u00f3w licencjackich, wymagany od kandydat\u00f3w na egzaminator\u00f3w egzaminu \u00f3smoklasisty,<\/p>\n\n\n\n<p>2)&nbsp;&nbsp;za\u015bwiadczenie z uczelni lub \u015bwiadectwo uko\u0144czenia studi\u00f3w podyplomowych potwierdzaj\u0105ce kwalifikacje pedagogiczne &#8211; je\u017celi nabycie kwalifikacji nie wynika&nbsp; bezpo\u015brednio z ww. dyplomu,<\/p>\n\n\n\n<p>3)&nbsp;&nbsp;\u015bwiadectwo uko\u0144czenia studi\u00f3w podyplomowych w zakresie nauczanego przedmiotu \u2013 je\u017celi dyplom uko\u0144czenia studi\u00f3w magisterskich lub licencjackich dotyczy kierunku, kt\u00f3ry nie jest zgodny z nauczanym przedmiotem.<\/p>\n\n\n\n<p class=\"has-pale-cyan-blue-background-color has-background\"><strong>Kopie dokument\u00f3w<\/strong> powinny by\u0107 po\u015bwiadczone za zgodno\u015b\u0107 z orygina\u0142em przez <strong>notariusza<\/strong> lub przez <strong>organ, kt\u00f3ry wyda\u0142 dany dokument<\/strong><a name=\"_ftnref5\" href=\"#_ftn5\" class=\"ek-link\">[5]<\/a><strong>.<\/strong><\/p>\n\n\n\n<p><a name=\"_ftn1\" class=\"ek-link\" href=\"#_ftnref1\">[1]<\/a>\u00a0Ustawa o systemie o\u015bwiaty z dnia 7 wrze\u015bnia 1991 r., art. 9c ust. 3 (tekst jedn. Dz.U. 2025 poz. 881)<\/p>\n\n\n\n<p><a name=\"_ftn2\" href=\"#_ftnref2\" class=\"ek-link\">[2]<\/a> Karta Nauczyciela z dnia 26 stycznia 1982 r., art. 10 ust. 5 pkt. 2-4 (tekst jedn. Dz.U. 2024 poz. 986)<\/p>\n\n\n\n<p><a name=\"_ftn3\" href=\"#_ftnref3\">[3]<\/a> Rozporz\u0105dzenie MEN z dnia 21 listopada 2023 r. <em>w sprawie ramowego programu szkolenia kandydat\u00f3w na egzaminator\u00f3w, sposobu prowadzenia ewidencji egzaminator\u00f3w oraz trybu wpisywania i skre\u015blania egzaminator\u00f3w z ewidencji<\/em> (Dz.U. 2024 poz. 35)<\/p>\n\n\n\n<p><a name=\"_ftn4\" href=\"#_ftnref4\" class=\"ek-link\">[4]<\/a> Rozporz\u0105dzenie MEN z dnia 14 wrze\u015bnia 2023 r. w sprawie szczeg\u00f3\u0142owych kwalifikacji wymaganych od nauczycieli (Dz.U. 2023 poz. 2102)<\/p>\n\n\n\n<p><a name=\"_ftn5\" href=\"#_ftnref5\" class=\"ek-link\">[5]<\/a> Kodeks Post\u0119powania Administracyjnego, art. 76a (tekst jedn. Dz.U. 2024 poz. 572)<\/p>\n<\/div><\/div>\n\n\n\n<div class=\"wp-block-pb-accordion-item c-accordion__item js-accordion-item no-js\" data-initially-open=\"false\" data-click-to-close=\"true\" data-auto-close=\"true\" data-scroll=\"true\" data-scroll-offset=\"180\"><h3 id=\"at-32831\" class=\"c-accordion__title js-accordion-controller\" role=\"button\">Egzamin zawodowy<\/h3><div id=\"ac-32831\" class=\"c-accordion__content\">\n<p class=\"has-very-light-gray-background-color has-background\"><strong>WYMAGANIA, KT\u00d3RE POWINIEN SPE\u0141NIA\u0106 KANDYDAT NA EGZAMINATORA<\/strong><\/p>\n\n\n\n<p>Egzaminatorem egzaminu potwierdzaj\u0105cego kwalifikacje w zawodzie mo\u017ce zosta\u0107 osoba, kt\u00f3ra spe\u0142nia <strong>jednocze\u015bnie <\/strong>nast\u0119puj\u0105ce <strong>wymagania<\/strong><a name=\"_ftnref1z\" href=\"#_ftn1z\" class=\"ek-link\">[1]<\/a>:<\/p>\n\n\n\n<p>1. posiada kwalifikacje wymagane do zajmowania stanowiska nauczyciela w&nbsp;szkole, z zakresu kt\u00f3rej przeprowadzany jest egzamin, albo jest nauczycielem akademickim specjalizuj\u0105cym si\u0119 w dziedzinie, z kt\u00f3r\u0105 s\u0105 zwi\u0105zane zaj\u0119cia edukacyjne wchodz\u0105ce w zakres egzaminu,<\/p>\n\n\n\n<p>2. posiada co najmniej <strong>trzyletni<\/strong> sta\u017c pracy (uzyskany w okresie 6 lat przed z\u0142o\u017ceniem wniosku):<\/p>\n\n\n\n<ul class=\"wp-block-list\">\n<li><strong>dydaktycznej<\/strong> w szkole publicznej, szkole niepublicznej o&nbsp;uprawnieniach szko\u0142y publicznej, w zak\u0142adzie kszta\u0142cenia nauczycieli lub szkole wy\u017cszej,<\/li>\n\n\n\n<li>na stanowiskach wymagaj\u0105cych kwalifikacji pedagogicznych w plac\u00f3wce doskonalenia nauczycieli, urz\u0119dzie organu administracji rz\u0105dowej, <br>kuratorium o\u015bwiaty lub innej jednostce sprawuj\u0105cej nadz\u00f3r pedagogiczny,<\/li>\n<\/ul>\n\n\n\n<p>3. spe\u0142nia warunki okre\u015blone w Karcie Nauczyciela<a name=\"_ftnref2z\" href=\"#_ftn2z\" class=\"ek-link\">[2]<\/a>, w tym m.in.:<\/p>\n\n\n\n<ul class=\"wp-block-list\">\n<li>posiada pe\u0142n\u0105 zdolno\u015b\u0107 do czynno\u015bci prawnych,<\/li>\n\n\n\n<li>korzysta z praw publicznych,<\/li>\n\n\n\n<li>nie by\u0142a skazana prawomocnym wyrokiem za umy\u015blne przest\u0119pstwo lub umy\u015blne przest\u0119pstwo skarbowe,<\/li>\n<\/ul>\n\n\n\n<p>4. uko\u0144czy\u0142a z wynikiem pozytywnym szkolenie dla kandydat\u00f3w na egzaminator\u00f3w organizowane przez Okr\u0119gow\u0105 Komisj\u0119 Egzaminacyjn\u0105.<\/p>\n\n\n\n<p>Egzaminatorem egzaminu potwierdzaj\u0105cego kwalifikacje w zawodzie mo\u017ce zosta\u0107 r\u00f3wnie\u017c osoba, kt\u00f3ra jest przedstawicielem pracodawcy lub organizacji pracodawc\u00f3w albo stowarzyszenia lub samorz\u0105du zawodowego oraz:<\/p>\n\n\n\n<p>1.&nbsp;posiada kwalifikacje wymagane od instruktora praktycznej nauki zawodu i spe\u0142nia warunki okre\u015blone powy\u017cej w pkt. 3 i 4, albo<\/p>\n\n\n\n<p>2. posiada przygotowanie zawodowe uznane przez dyrektora szko\u0142y lub plac\u00f3wki za odpowiednie do prowadzenia zaj\u0119\u0107 z zakresu kszta\u0142cenia zawodowego<a name=\"_ftnref3z\" href=\"#_ftn3z\" class=\"ek-link\">[3]<\/a> i spe\u0142nia warunki okre\u015blone powy\u017cej w pkt. 3 i 4.<\/p>\n\n\n\n<p class=\"has-very-light-gray-background-color has-background\"><strong>DOKUMENTY SK\u0141ADANE PRZEZ KANDYDATA NA EGZAMINATORA<\/strong> s\u0105 przyjmowane przez ca\u0142y rok niezale\u017cnie od termin\u00f3w szkole\u0144<\/p>\n\n\n\n<p>Kandydat na egzaminatora przesy\u0142a poczt\u0105 tradycyjn\u0105 na adres Okr\u0119gowej Komisji Egzaminacyjnej w Jaworznie nast\u0119puj\u0105cy komplet dokument\u00f3w<a name=\"_ftnref4z\" href=\"#_ftn4z\" class=\"ek-link\">[4]<\/a>:<\/p>\n\n\n\n<p>&nbsp;1.&nbsp;<strong>WNIOSEK <\/strong>o wpis do ewidencji egzaminator\u00f3w:<\/p>\n\n\n\n<ol class=\"wp-block-list\">\n<li>w celu wygenerowania i wydrukowania wniosku, nale\u017cy za\u0142o\u017cy\u0107 konto w Serwisie dla kandydat\u00f3w na egzaminator\u00f3w, kt\u00f3ry jest dost\u0119pny na stronie internetowej: <a href=\"https:\/\/www.oke.jaworzno.pl\">http:\/\/www.oke.jaworzno.pl\/<\/a> w zak\u0142adce: SERWISY \u2192 dla kandydat\u00f3w na egzaminator\u00f3w \u2192 zak\u0142adka nr 3. Zak\u0142adanie konta,<\/li>\n\n\n\n<li>wniosek nale\u017cy czytelnie podpisa\u0107, a w przypadku innego nazwiska na za\u0142\u0105czonych dokumentach ni\u017c obecnie u\u017cywane, nale\u017cy wype\u0142ni\u0107 i podpisa\u0107 o\u015bwiadczenie na 1. stronie wniosku,<\/li>\n\n\n\n<li>&nbsp;tabel\u0119 <em>Zatrudnienie <\/em>uzupe\u0142nia i podpisuje pracodawca, potwierdzaj\u0105c w ten spos\u00f3b wymagany sta\u017c pracy kandydata.<\/li>\n<\/ol>\n\n\n\n<p>2. Po\u015bwiadczone za zgodno\u015b\u0107 z orygina\u0142em <strong>kopie DOKUMENT\u00d3W potwierdzaj\u0105cych posiadanie kwalifikacji wymaganych od nauczycieli<\/strong><a name=\"_ftnref5z\" href=\"#_ftn5z\" class=\"ek-link\">[5]<\/a><strong> i instruktor\u00f3w:<\/strong><\/p>\n\n\n\n<ol class=\"wp-block-list\">\n<li><strong>nauczycieli przedmiot\u00f3w og\u00f3lnych i zawodowych<\/strong><strong>&#8211; <\/strong><strong>&nbsp;<\/strong>dyplom uko\u0144czenia studi\u00f3w magisterskich na kierunku zgodnym z nauczanym przedmiotem i za\u015bwiadczenie z&nbsp;uczelni lub \u015bwiadectwo uko\u0144czenia studi\u00f3w podyplomowych potwierdzaj\u0105ce kwalifikacje pedagogiczne, je\u017celi nabycie kwalifikacji nie wynika&nbsp; bezpo\u015brednio z&nbsp;ww. dyplomu,<\/li>\n\n\n\n<li><strong>nauczycieli teoretycznych przedmiot\u00f3w zawodowych &#8211; <\/strong>&nbsp;dyplom uko\u0144czenia studi\u00f3w I stopnia na kierunku zgodnym z nauczanym przedmiotem i&nbsp; za\u015bwiadczenie z uczelni lub \u015bwiadectwo uko\u0144czenia studi\u00f3w podyplomowych potwierdzaj\u0105ce kwalifikacje pedagogiczne, je\u017celi nabycie kwalifikacji nie wynika&nbsp; bezpo\u015brednio z ww. dyplomu,<\/li>\n\n\n\n<li><strong>nauczycieli praktycznej nauki zawodu &#8211;<\/strong> dyplom uko\u0144czenia pedagogicznego studium technicznego <strong>lub<\/strong> \u015bwiadectwo dojrza\u0142o\u015bci i dokument potwierdzaj\u0105cy kwalifikacje zawodowe w zakresie nauczanego zawodu oraz dokument potwierdzaj\u0105cy przygotowanie pedagogiczne, a tak\u017ce co najmniej dwuletni sta\u017c pracy w zawodzie, w kt\u00f3rym naucza <strong>lub<\/strong> dyplom mistrza w zawodzie oraz dokument potwierdzaj\u0105cy przygotowanie pedagogiczne,<\/li>\n\n\n\n<li><strong>instruktor\u00f3w praktycznej nauki zawodu<\/strong><a name=\"_ftnref6z\" href=\"#_ftn6z\" class=\"ek-link\">[6]<\/a><strong> &#8211; <\/strong>pracownicy, dla kt\u00f3rych praca dydaktyczna i wychowawcza z uczniami lub m\u0142odocianymi stanowi podstawowe zaj\u0119cie i jest wykonywana w tygodniowym wymiarze godzin przewidzianych dla nauczycieli, przysy\u0142aj\u0105 dokumenty wymagane od nauczycieli jak wy\u017cej, w innych przypadkach prosz\u0119 si\u0119 odnie\u015b\u0107 do szczeg\u00f3\u0142owych przepis\u00f3w rozporz\u0105dzenia okre\u015blonego w przypisie nr 6.<\/li>\n<\/ol>\n\n\n\n<p>Je\u015bli&nbsp; dyplom uko\u0144czenia studi\u00f3w magisterskich lub licencjackich dotyczy kierunku, kt\u00f3ry nie jest zgodny z nauczanym przedmiotem, nale\u017cy dostarczy\u0107 \u015bwiadectwo uko\u0144czenia studi\u00f3w podyplomowych w zakresie nauczanego przedmiotu.<\/p>\n\n\n\n<p class=\"has-pale-cyan-blue-background-color has-background\"><strong>Kopie dokument\u00f3w<\/strong> powinny by\u0107 po\u015bwiadczone za zgodno\u015b\u0107 z orygina\u0142em przez <strong>notariusza&nbsp;<\/strong>lub przez <strong>organ, kt\u00f3ry wyda\u0142 dany dokument<a name=\"_ftnref7z\" href=\"#_ftn7z\" class=\"ek-link\">[7]<\/a>.<\/strong><\/p>\n\n\n\n<p><a name=\"_ftn1z\" class=\"ek-link\" href=\"#_ftnref1z\">[1]<\/a>\u00a0Ustawa o systemie o\u015bwiaty z dnia 7 wrze\u015bnia 1991 r., art. 9c ust. 3 (tekst jedn. Dz.U. 2025 poz. 881)<\/p>\n\n\n\n<p><a name=\"_ftn2z\" href=\"#_ftnref2z\" class=\"ek-link\">[2]<\/a> Karta Nauczyciela z dnia 26 stycznia 1982 r., art. 10 ust. 5 pkt. 2-4 (tekst jedn. Dz.U. 2024 poz. 986)<\/p>\n\n\n\n<p><a name=\"_ftn3z\" href=\"#_ftnref3z\" class=\"ek-link\">[3]<\/a> Rozporz\u0105dzenie MEN z dnia 21 listopada 2023 r. <em>w sprawie ramowego programu szkolenia kandydat\u00f3w na egzaminator\u00f3w, sposobu prowadzenia ewidencji egzaminator\u00f3w oraz trybu wpisywania i skre\u015blania egzaminator\u00f3w z ewidencji<\/em> (Dz.U. 2024 poz. 35)<\/p>\n\n\n\n<p><a name=\"_ftn4z\" href=\"#_ftnref4z\" class=\"ek-link\">[4]<\/a> Rozporz\u0105dzenie MEN z dnia 21 listopada 2023 r. w sprawie og\u0142oszenia jednolitego tekstu rozporz\u0105dzenia Ministra Edukacji Narodowej w sprawie ramowego programu szkolenia kandydat\u00f3w na egzaminator\u00f3w, sposobu prowadzenia ewidencji egzaminator\u00f3w oraz trybu wpisywania i skre\u015blania egzaminator\u00f3w z ewidencji (tekst jedn. Dz.U. 2024 poz. 35.)<\/p>\n\n\n\n<p><a name=\"_ftn5z\" href=\"#_ftnref5z\" class=\"ek-link\">[5]<\/a> Rozporz\u0105dzenie MEN z dnia 14 wrze\u015bnia 2023 r. w sprawie szczeg\u00f3\u0142owych kwalifikacji wymaganych od nauczycieli (Dz.U. 2023 poz. 2102)<\/p>\n\n\n\n<p><a name=\"_ftn6z\" href=\"#_ftnref6z\" class=\"ek-link\">[5]<\/a> Rozporz\u0105dzenie MEN z dnia 22 lutego 2019 r., art. 10 pkt. 3-5 w sprawie praktycznej nauki zawodu (Dz.U. 2019 poz. 391)<\/p>\n\n\n\n<p><a name=\"_ftn7z\" href=\"#_ftnref7z\" class=\"ek-link\">[7]<\/a> Kodeks Post\u0119powania Administracyjnego, art. 76a (tekst jedn. Dz.U. 2024 poz. 572)<\/p>\n\n\n\n<p><\/p>\n<\/div><\/div>\n\n\n\n<div class=\"wp-block-pb-accordion-item c-accordion__item js-accordion-item no-js\" data-initially-open=\"false\" data-click-to-close=\"true\" data-auto-close=\"false\" data-scroll=\"true\" data-scroll-offset=\"240\"><h3 id=\"at-32832\" class=\"c-accordion__title js-accordion-controller\" role=\"button\">Zak\u0142adanie konta<\/h3><div id=\"ac-32832\" class=\"c-accordion__content\">\n<p>Je\u017celi spe\u0142nia Pani\/Pan powy\u017csze warunki zapraszamy do za\u0142o\u017cenie konta w serwisie.<\/p>\n\n\n\n<ul class=\"wp-block-list\">\n<li><a href=\"https:\/\/serwis.oke.jaworzno.pl\/egzaminator\/rejestracja.php\"><strong><em>Zak\u0142adanie konta<\/em><\/strong><\/a>&nbsp;(dla os\u00f3b, kt\u00f3re:<br>&#8211; nie posiadaj\u0105 \u017cadnych uprawnie\u0144 egzaminatora i nie zak\u0142ada\u0142y wcze\u015bniej konta w systemie,<br>&#8211; przyby\u0142y z innej OKE)<\/li>\n<\/ul>\n\n\n\n<ul class=\"wp-block-list\">\n<li><a href=\"https:\/\/serwis.oke.jaworzno.pl\/egzaminator\/index.php\"><strong><em>Logowanie do indywidualnego konta<\/em><\/strong><\/a>&nbsp;(dla os\u00f3b posiadaj\u0105cych uprawnienia egzaminatora do egzaminu dowolnego typu lub za\u0142o\u017cy\u0142y indywidualne konto)<\/li>\n<\/ul>\n<\/div><\/div>\n<div class=\"pdfprnt-buttons pdfprnt-buttons-page pdfprnt-bottom-left\"><a href=\"https:\/\/oke.jaworzno.pl\/www3\/wp-json\/wp\/v2\/pages\/3283?print=pdf\" class=\"pdfprnt-button pdfprnt-button-pdf\" target=\"_blank\" ><span class=\"pdfprnt-button-title pdfprnt-button-pdf-title\">Wersja do druku<\/span><\/a><\/div>","protected":false},"excerpt":{"rendered":"","protected":false},"author":1,"featured_media":0,"parent":0,"menu_order":0,"comment_status":"closed","ping_status":"closed","template":"","meta":{"_editorskit_title_hidden":false,"_editorskit_reading_time":4,"_editorskit_is_block_options_detached":false,"_editorskit_block_options_position":"{}","footnotes":""},"class_list":["post-3283","page","type-page","status-publish","hentry"],"publishpress_future_workflow_manual_trigger":{"enabledWorkflows":[]},"_links":{"self":[{"href":"https:\/\/oke.jaworzno.pl\/www3\/wp-json\/wp\/v2\/pages\/3283","targetHints":{"allow":["GET"]}}],"collection":[{"href":"https:\/\/oke.jaworzno.pl\/www3\/wp-json\/wp\/v2\/pages"}],"about":[{"href":"https:\/\/oke.jaworzno.pl\/www3\/wp-json\/wp\/v2\/types\/page"}],"author":[{"embeddable":true,"href":"https:\/\/oke.jaworzno.pl\/www3\/wp-json\/wp\/v2\/users\/1"}],"replies":[{"embeddable":true,"href":"https:\/\/oke.jaworzno.pl\/www3\/wp-json\/wp\/v2\/comments?post=3283"}],"version-history":[{"count":2,"href":"https:\/\/oke.jaworzno.pl\/www3\/wp-json\/wp\/v2\/pages\/3283\/revisions"}],"predecessor-version":[{"id":9260,"href":"https:\/\/oke.jaworzno.pl\/www3\/wp-json\/wp\/v2\/pages\/3283\/revisions\/9260"}],"wp:attachment":[{"href":"https:\/\/oke.jaworzno.pl\/www3\/wp-json\/wp\/v2\/media?parent=3283"}],"curies":[{"name":"wp","href":"https:\/\/api.w.org\/{rel}","templated":true}]}}