{"id":4803,"date":"2021-09-02T12:21:42","date_gmt":"2021-09-02T10:21:42","guid":{"rendered":"https:\/\/oke.jaworzno.pl\/www3\/?page_id=4803"},"modified":"2024-03-08T10:20:25","modified_gmt":"2024-03-08T09:20:25","slug":"materialy-dodatkowe-egzamin-maturalny-w-formule-2023","status":"publish","type":"page","link":"https:\/\/oke.jaworzno.pl\/www3\/egzamin-maturalny\/em2023\/materialy-dodatkowe-egzamin-maturalny-w-formule-2023\/","title":{"rendered":"Materia\u0142y dodatkowe \u2013 egzamin maturalny w formule 2023"},"content":{"rendered":"\n<ul class=\"wp-block-list\"><\/ul>\n\n\n\n<p>Informacja dyrektora Centralnej Komisji Egzaminacyjnej o dzia\u0142aniach zwi\u0105zanych z wdra\u017caniem egzaminu maturalnego w Formule 2023 w latach 2022\u20132023 &gt; <a href=\"http:\/\/cke.gov.pl\/images\/_KOMUNIKATY\/20220112%20Komunikat%20o%20wdrazaniu%20EM23.pdf\">Komunikat z 12 stycznia 2022 r.<\/a><\/p>\n\n\n\n<p><strong><a href=\"http:\/\/cke.gov.pl\/egzamin-maturalny\/egzamin-maturalny-w-formule-2023\/materialy-dodatkowe\/arkusze-pokazowe-marzec-2022\/\">Arkusze pokazowe \u2013 marzec 2022<\/a><\/strong><\/p>\n\n\n\n<p><a href=\"http:\/\/cke.gov.pl\/egzamin-maturalny\/egzamin-maturalny-w-formule-2023\/materialy-dodatkowe\/arkusze-diagnostyczne-wrzesien-2022\/\"><strong>Arkusze diagnostyczne \u2013 wrzesie\u0144 2022<\/strong><\/a><\/p>\n\n\n\n<p><a href=\"http:\/\/cke.gov.pl\/egzamin-maturalny\/egzamin-maturalny-w-formule-2023\/materialy-dodatkowe\/10384-2\/\"><strong>Arkusze diagnostyczne \u2013 grudzie\u0144 2022<\/strong><\/a><\/p>\n\n\n\n<p><strong><a href=\"http:\/\/cke.gov.pl\/egzamin-maturalny\/egzamin-maturalny-w-formule-2023\/materialy-dodatkowe\/wnioski-z-badan-diagnostycznych-przeprowadzonych-w-marcu-i-grudniu-2022-r\/\">Wnioski z bada\u0144 diagnostycznych przeprowadzonych w marcu i grudniu 2022 r.<\/a><\/strong><\/p>\n\n\n\n<p><strong><a href=\"http:\/\/cke.gov.pl\/egzamin-maturalny\/egzamin-maturalny-w-formule-2023\/materialy-dodatkowe\/arkusze-diagnostyczne-grudzien-2023\/\">Arkusze diagnostyczne \u2013 grudzie\u0144 2023<\/a><\/strong><\/p>\n\n\n\n<p><a href=\"http:\/\/cke.gov.pl\/egzamin-maturalny\/egzamin-maturalny-w-formule-2023\/materialy-dodatkowe\/wnioski-z-badania-diagnostycznego-przeprowadzonego-w-grudniu-2023-r\/\"><strong>Wyniki i wnioski z badania diagnostycznego przeprowadzonego w grudniu 2023 r.<\/strong><\/a><\/p>\n\n\n\n<p><strong><a href=\"https:\/\/cke.gov.pl\/egzamin-maturalny\/egzamin-maturalny-w-formule-2023\/materialy-dodatkowe\/arkusz-pokazowy-jezyk-polski-na-poziomie-rozszerzonym-od-roku-szkolnego-2024-2025\/\">Arkusz pokazowy \u2013 j\u0119zyk polski na poziomie rozszerzonym od roku szkolnego 2024\/2025<\/a><\/strong><\/p>\n\n\n\n<p><a href=\"http:\/\/cke.gov.pl\/egzamin-maturalny\/egzamin-maturalny-w-formule-2023\/materialy-dodatkowe\/jezyk-polski-materialy-dodatkowe\/\">J\u0119zyk polski \u2013 materia\u0142y dodatkowe<\/a><\/p>\n\n\n\n<p><a href=\"http:\/\/cke.gov.pl\/egzamin-maturalny\/egzamin-maturalny-w-formule-2023\/materialy-dodatkowe\/matematyka-materialy-dodatkowe\/\">Matematyka \u2013 materia\u0142y dodatkowe<\/a><\/p>\n\n\n\n<p><a href=\"http:\/\/cke.gov.pl\/egzamin-maturalny\/egzamin-maturalny-w-formule-2023\/materialy-dodatkowe\/biologia-materialy-dodatkowe\/\">Biologia \u2013 materia\u0142y dodatkowe<\/a><\/p>\n\n\n\n<p><a href=\"http:\/\/cke.gov.pl\/egzamin-maturalny\/egzamin-maturalny-w-formule-2023\/materialy-dodatkowe\/chemia-materialy-dodatkowe\/\">Chemia&nbsp;\u2013 materia\u0142y dodatkowe<\/a><\/p>\n\n\n\n<p><a href=\"http:\/\/cke.gov.pl\/egzamin-maturalny\/egzamin-maturalny-w-formule-2023\/materialy-dodatkowe\/filozofia-materialy-dodatkowe\/\">Filozofia \u2013 materia\u0142y dodatkowe<\/a><\/p>\n\n\n\n<p><a href=\"http:\/\/cke.gov.pl\/egzamin-maturalny\/egzamin-maturalny-w-formule-2023\/materialy-dodatkowe\/geografia-materialy-dodatkowe\/\">Geografia \u2013 materia\u0142y dodatkowe<\/a><\/p>\n\n\n\n<p><a href=\"http:\/\/cke.gov.pl\/egzamin-maturalny\/egzamin-maturalny-w-formule-2023\/materialy-dodatkowe\/historia-materialy-dodatkowe\/\">Historia \u2013 materia\u0142y dodatkowe<\/a><\/p>\n\n\n\n<p><a href=\"http:\/\/cke.gov.pl\/egzamin-maturalny\/egzamin-maturalny-w-formule-2023\/materialy-dodatkowe\/historia-sztuki-materialy-dodatkowe\/\">Historia sztuki \u2013 materia\u0142y dodatkowe<\/a><\/p>\n\n\n\n<p><a href=\"http:\/\/cke.gov.pl\/egzamin-maturalny\/egzamin-maturalny-w-formule-2023\/materialy-dodatkowe\/wiedza-o-spoleczenstwie\/\">Wiedza o spo\u0142ecze\u0144stwie \u2013 materia\u0142y dodatkowe<\/a><\/p>\n\n\n\n<p><a href=\"http:\/\/cke.gov.pl\/egzamin-maturalny\/egzamin-maturalny-w-formule-2023\/materialy-dodatkowe\/stres-egzaminacyjny-materialy-dla-uczniow-rodzicow-i-nauczycieli\/\">Stres egzaminacyjny. Materia\u0142y dla uczni\u00f3w, rodzic\u00f3w i nauczycieli<\/a><\/p>\n\n\n\n<p><strong>Rok szkolny 2023\/2024<\/strong><\/p>\n\n\n\n<p><a href=\"http:\/\/cke.gov.pl\/egzamin-maturalny\/egzamin-maturalny-w-formule-2023\/harmonogram-komunikaty-i-informacje\/komunikaty-w-sprawie-listy-jawnych-zadan-w-czesci-ustnej-egzaminu-maturalnego-w-2024-r\/\">Komunikaty w sprawie listy jawnych zada\u0144<\/a> w cz\u0119\u015bci ustnej egzaminu maturalnego z j\u0119zyka polskiego, j\u0119zyk\u00f3w mniejszo\u015bci narodowych, j\u0119zyka \u0142emkowskiego i j\u0119zyka kaszubskiego w 2024 r.<\/p>\n<div class=\"pdfprnt-buttons pdfprnt-buttons-page pdfprnt-bottom-left\"><a href=\"https:\/\/oke.jaworzno.pl\/www3\/wp-json\/wp\/v2\/pages\/4803?print=pdf\" class=\"pdfprnt-button pdfprnt-button-pdf\" target=\"_blank\" ><span class=\"pdfprnt-button-title pdfprnt-button-pdf-title\">Wersja do druku<\/span><\/a><\/div>","protected":false},"excerpt":{"rendered":"<p>Informacja dyrektora Centralnej Komisji Egzaminacyjnej o dzia\u0142aniach zwi\u0105zanych z wdra\u017caniem egzaminu maturalnego w Formule 2023 w latach 2022\u20132023 &gt; Komunikat&#46;&#46;&#46;<\/p>\n","protected":false},"author":1,"featured_media":0,"parent":4793,"menu_order":0,"comment_status":"closed","ping_status":"closed","template":"","meta":{"_editorskit_title_hidden":false,"_editorskit_reading_time":1,"_editorskit_is_block_options_detached":false,"_editorskit_block_options_position":"{}","footnotes":""},"class_list":["post-4803","page","type-page","status-publish","hentry"],"publishpress_future_workflow_manual_trigger":{"enabledWorkflows":[]},"_links":{"self":[{"href":"https:\/\/oke.jaworzno.pl\/www3\/wp-json\/wp\/v2\/pages\/4803","targetHints":{"allow":["GET"]}}],"collection":[{"href":"https:\/\/oke.jaworzno.pl\/www3\/wp-json\/wp\/v2\/pages"}],"about":[{"href":"https:\/\/oke.jaworzno.pl\/www3\/wp-json\/wp\/v2\/types\/page"}],"author":[{"embeddable":true,"href":"https:\/\/oke.jaworzno.pl\/www3\/wp-json\/wp\/v2\/users\/1"}],"replies":[{"embeddable":true,"href":"https:\/\/oke.jaworzno.pl\/www3\/wp-json\/wp\/v2\/comments?post=4803"}],"version-history":[{"count":0,"href":"https:\/\/oke.jaworzno.pl\/www3\/wp-json\/wp\/v2\/pages\/4803\/revisions"}],"up":[{"embeddable":true,"href":"https:\/\/oke.jaworzno.pl\/www3\/wp-json\/wp\/v2\/pages\/4793"}],"wp:attachment":[{"href":"https:\/\/oke.jaworzno.pl\/www3\/wp-json\/wp\/v2\/media?parent=4803"}],"curies":[{"name":"wp","href":"https:\/\/api.w.org\/{rel}","templated":true}]}}