{"id":717,"date":"2020-03-03T07:40:47","date_gmt":"2020-03-03T06:40:47","guid":{"rendered":"https:\/\/oke.jaworzno.pl\/www3\/?page_id=717"},"modified":"2026-03-11T08:06:04","modified_gmt":"2026-03-11T07:06:04","slug":"deklaracje-druki","status":"publish","type":"page","link":"https:\/\/oke.jaworzno.pl\/www3\/egzamin-maturalny\/deklaracje-druki\/","title":{"rendered":"Deklaracje &#8211; egzamin maturalny"},"content":{"rendered":"\n<p><a href=\"http:\/\/cke.gov.pl\/images\/_EGZAMIN_MATURALNY_OD_2023\/komunikaty\/2024\/20230817%20Adres%20ZIU%202023.pdf\">Informacja<\/a>&nbsp;dyrektora Centralnej Komisji Egzaminacyjnej z 17 sierpnia 2023 r. dotycz\u0105ca adresu strony internetowej, na kt\u00f3rej mo\u017cna z\u0142o\u017cy\u0107 deklaracj\u0119 przyst\u0105pienia do egzaminu maturalnego <strong>w postaci elektronicznej<\/strong>.<\/p>\n\n\n\n<p><\/p>\n\n\n\n<p><strong><a href=\"https:\/\/cke.gov.pl\/egzamin-maturalny\/egzamin-maturalny-w-formule-2023\/harmonogram-komunikaty-i-informacje\/rok-szkolny-2025-2026\/\">Deklaracje przyst\u0105pienia do egzaminu maturalnego w roku szkolnym 2025\/2026<\/a>:<\/strong><\/p>\n\n\n\n<figure class=\"wp-block-table\"><table><tbody><tr><td>Nr<br>za\u0142\u0105cznika<\/td><td>Opis<\/td><td>Dokument do pobrania<\/td><\/tr><tr><td><strong>1a<br>Deklaracja<br>A<\/strong><\/td><td>Deklaracja dla zdaj\u0105cego, kt\u00f3ry ma obowi\u0105zek z\u0142o\u017cy\u0107 deklaracj\u0119 do <strong>dyrektora <u>szko\u0142y macierzystej<\/u><\/strong>, tj. dla:<br>ucznia 4-letniego LO (<strong>Formu\u0142a 2023<\/strong>)<br>ucznia szko\u0142y artystycznej realizuj\u0105cej program 4-letniego LO (<strong>Formu\u0142a 2023<\/strong>)<br>ucznia 5-letniego technikum (<strong>Formu\u0142a 2023<\/strong>)<br>ucznia bran\u017cowej szko\u0142y II stopnia na podbudowie 8-letniej szko\u0142y podstawowej (<strong>Formu\u0142a 2023<\/strong>)<br>absolwenta szk\u00f3\u0142 wymienionych w pkt 1\u20134, kt\u00f3ry w roku 2023, 2024 lub 2025 przyst\u0119powa\u0142 ju\u017c do egzaminu maturalnego w <strong>Formule 2023<\/strong><br>absolwenta ponadpodstawowej szko\u0142y \u015bredniej (sprzed 2005 r.) \u2013 z&nbsp;wyj\u0105tkiem absolwenta, kt\u00f3ry przyst\u0105pi\u0142 do egzaminu maturalnego w roku 2021 lub 2022, ale nie uzyska\u0142 \u015bwiadectwa dojrza\u0142o\u015bci \u2013 kt\u00f3rego szko\u0142a nie zosta\u0142a zlikwidowana (<strong>Formu\u0142a 2023<\/strong>)<br>absolwenta oddzia\u0142u mi\u0119dzynarodowego w 3-letnim albo 4-letnim liceum og\u00f3lnokszta\u0142c\u0105cym, posiadaj\u0105cego dyplom IB (<em>International Baccalaureate<\/em>), o kt\u00f3rym mowa w art. 4 pkt 12 ustawy \u2013 <em>Prawo o\u015bwiatowe<\/em> (<strong>Formu\u0142a 2023<\/strong>)<br>absolwenta 3-letniego LO (<strong>Formu\u0142a 2015<\/strong>)<br>absolwenta szko\u0142y artystycznej realizuj\u0105cej program 3-letniego LO (<strong>Formu\u0142a 2015<\/strong>)<br>absolwenta 4-letniego technikum (<strong>Formu\u0142a 2015<\/strong>)<br>ucznia oraz absolwenta bran\u017cowej szko\u0142y II stopnia na podbudowie gimnazjum (<strong>Formu\u0142a 2015<\/strong>)<br>absolwenta ponadpodstawowej szko\u0142y \u015bredniej (sprzed 2005 r.), kt\u00f3ry przyst\u0105pi\u0142 do egzaminu maturalnego w roku 2021 lub 2022, ale nie uzyska\u0142 \u015bwiadectwa dojrza\u0142o\u015bci, kt\u00f3rego szko\u0142a nie zosta\u0142a zlikwidowana (<strong>Formu\u0142a 2015<\/strong>).<\/td><td><a href=\"https:\/\/cke.gov.pl\/images\/_EGZAMIN_MATURALNY_OD_2023\/komunikaty\/2026\/Zalaczniki\/EM%202026%20Zal_1a%20Deklaracja%20A.docx\">Pobierz Word<\/a><br><a href=\"http:\/\/cke.gov.pl\/images\/_EGZAMIN_MATURALNY_OD_2015\/Komunikaty\/2026\/Zalaczniki\/EM%202026%20Zal_1a%20Deklaracja%20A.pdf\">Pobierz PDF<\/a><\/td><\/tr><tr><td><strong>1b<br>Deklaracja<br>B<\/strong><\/td><td>Deklaracja dla zdaj\u0105cego, kt\u00f3ry ma obowi\u0105zek z\u0142o\u017cy\u0107 deklaracj\u0119 do <strong>dyrektora <u>okr\u0119gowej komisji egzaminacyjnej<\/u><\/strong>, tj. dla:<br>absolwenta 4-letniego LO, 5-letniego technikum lub bran\u017cowej szko\u0142y II stopnia na podbudowie 8-letniej szko\u0142y podstawowej, kt\u00f3rego macierzysta szko\u0142a zosta\u0142a zlikwidowana (<strong>Formu\u0142a 2023<\/strong>)<br>absolwenta 3-letniego LO lub szko\u0142y artystycznej realizuj\u0105cej program 3-letniego LO, 4-letniego technikum, bran\u017cowej szko\u0142y II stopnia na podbudowie gimnazjum, kt\u00f3ry uko\u0144czy\u0142 szko\u0142\u0119 do roku szkolnego 2024\/2025 w\u0142\u0105cznie, kt\u00f3rego macierzysta szko\u0142a zosta\u0142a zlikwidowana (<strong>Formu\u0142a 2015<\/strong>)<br>absolwenta uzupe\u0142niaj\u0105cego LO, kt\u00f3ry uko\u0144czy\u0142 szko\u0142\u0119 do roku szkolnego 2012\/2013 w\u0142\u0105cznie (<strong>Formu\u0142a 2015<\/strong>)<br>absolwenta liceum profilowanego lub technikum uzupe\u0142niaj\u0105cego dla m\u0142odzie\u017cy, kt\u00f3ry uko\u0144czy\u0142 szko\u0142\u0119 do roku szkolnego 2014\/2015 w\u0142\u0105cznie (<strong>Formu\u0142a 2015<\/strong>)<br>absolwenta ponadpodstawowej szko\u0142y \u015bredniej (sprzed 2005 r.) \u2013 z&nbsp;wyj\u0105tkiem absolwenta, kt\u00f3ry przyst\u0105pi\u0142 do egzaminu maturalnego w roku 2021 lub 2022, ale nie uzyska\u0142 \u015bwiadectwa dojrza\u0142o\u015bci \u2013 kt\u00f3rego szko\u0142a zosta\u0142a zlikwidowana (<strong>Formu\u0142a 2023<\/strong>)<br>absolwenta oddzia\u0142u mi\u0119dzynarodowego w 3-letnim albo 4-letnim liceum og\u00f3lnokszta\u0142c\u0105cym (<strong>Formu\u0142a 2023<\/strong>), posiadaj\u0105cego dyplom IB (<em>International Baccalaureate<\/em>), kt\u00f3rego szko\u0142a zosta\u0142a zlikwidowana<br>absolwenta ponadpodstawowej szko\u0142y \u015bredniej (sprzed 2005 r.), kt\u00f3ry przyst\u0105pi\u0142 do egzaminu maturalnego w roku 2021 lub 2022, ale nie uzyska\u0142 \u015bwiadectwa dojrza\u0142o\u015bci, kt\u00f3rego szko\u0142a zosta\u0142a zlikwidowana (<strong>Formu\u0142a 2015<\/strong>)<br>osoby, kt\u00f3ra uzyska\u0142a (uzyska) \u015bwiadectwo uko\u0144czenia 3-letniego LO na podstawie egzamin\u00f3w eksternistycznych (<strong>Formu\u0142a 2015<\/strong>)<br>osoby, kt\u00f3ra uzyska\u0142a (uzyska) \u015bwiadectwo uko\u0144czenia 4-letniego LO na podstawie egzamin\u00f3w eksternistycznych (<strong>Formu\u0142a 2023<\/strong>)<br>osoby, kt\u00f3ra posiada \u015bwiadectwo lub inny dokument \u2013 potwierdzaj\u0105cy wykszta\u0142cenie \u015brednie lub \u015brednie bran\u017cowe \u2013 wydany za granic\u0105, ale nieuprawniaj\u0105cy do podj\u0119cia studi\u00f3w w&nbsp;Rzeczypospolitej Polskiej (<strong>Formu\u0142a 2023<\/strong> \u2013 je\u017celi przyst\u0119puje do egzaminu po raz pierwszy lub je\u017celi w 2023 r., 2024 r. lub 2025 r. przyst\u0105pi\u0142 do egzaminu w <strong>Formule 2023<\/strong>; <strong>Formu\u0142a 2015 <\/strong>\u2013 je\u017celi przyst\u0119puje do egzaminu w <strong>Formule 2015<\/strong> po raz kolejny).<\/td><td><a href=\"https:\/\/cke.gov.pl\/images\/_EGZAMIN_MATURALNY_OD_2023\/komunikaty\/2026\/Zalaczniki\/EM%202026%20Zal_1b%20Deklaracja%20B.docx\">Pobierz Word<\/a><br><a href=\"http:\/\/cke.gov.pl\/images\/_EGZAMIN_MATURALNY_OD_2015\/Komunikaty\/2026\/Zalaczniki\/EM%202026%20Zal_1b%20Deklaracja%20B.pdf\">Pobierz PDF<\/a><\/td><\/tr><\/tbody><\/table><\/figure>\n\n\n\n<p><\/p>\n<div class=\"pdfprnt-buttons pdfprnt-buttons-page pdfprnt-bottom-left\"><a href=\"https:\/\/oke.jaworzno.pl\/www3\/wp-json\/wp\/v2\/pages\/717?print=pdf\" class=\"pdfprnt-button pdfprnt-button-pdf\" target=\"_blank\" ><span class=\"pdfprnt-button-title pdfprnt-button-pdf-title\">Wersja do druku<\/span><\/a><\/div>","protected":false},"excerpt":{"rendered":"<p>Informacja&nbsp;dyrektora Centralnej Komisji Egzaminacyjnej z 17 sierpnia 2023 r. dotycz\u0105ca adresu strony internetowej, na kt\u00f3rej mo\u017cna z\u0142o\u017cy\u0107 deklaracj\u0119 przyst\u0105pienia do&#46;&#46;&#46;<\/p>\n","protected":false},"author":1,"featured_media":0,"parent":6038,"menu_order":0,"comment_status":"closed","ping_status":"closed","template":"","meta":{"_editorskit_title_hidden":false,"_editorskit_reading_time":1,"_editorskit_is_block_options_detached":false,"_editorskit_block_options_position":"{}","footnotes":""},"class_list":["post-717","page","type-page","status-publish","hentry"],"publishpress_future_workflow_manual_trigger":{"enabledWorkflows":[]},"_links":{"self":[{"href":"https:\/\/oke.jaworzno.pl\/www3\/wp-json\/wp\/v2\/pages\/717","targetHints":{"allow":["GET"]}}],"collection":[{"href":"https:\/\/oke.jaworzno.pl\/www3\/wp-json\/wp\/v2\/pages"}],"about":[{"href":"https:\/\/oke.jaworzno.pl\/www3\/wp-json\/wp\/v2\/types\/page"}],"author":[{"embeddable":true,"href":"https:\/\/oke.jaworzno.pl\/www3\/wp-json\/wp\/v2\/users\/1"}],"replies":[{"embeddable":true,"href":"https:\/\/oke.jaworzno.pl\/www3\/wp-json\/wp\/v2\/comments?post=717"}],"version-history":[{"count":4,"href":"https:\/\/oke.jaworzno.pl\/www3\/wp-json\/wp\/v2\/pages\/717\/revisions"}],"predecessor-version":[{"id":9084,"href":"https:\/\/oke.jaworzno.pl\/www3\/wp-json\/wp\/v2\/pages\/717\/revisions\/9084"}],"up":[{"embeddable":true,"href":"https:\/\/oke.jaworzno.pl\/www3\/wp-json\/wp\/v2\/pages\/6038"}],"wp:attachment":[{"href":"https:\/\/oke.jaworzno.pl\/www3\/wp-json\/wp\/v2\/media?parent=717"}],"curies":[{"name":"wp","href":"https:\/\/api.w.org\/{rel}","templated":true}]}}

<p><a href="http://cke.gov.pl/images/_EGZAMIN_MATURALNY_OD_2023/komunikaty/2024/20230817%20Adres%20ZIU%202023.pdf">Informacja</a>&nbsp;dyrektora Centralnej Komisji Egzaminacyjnej z 17 sierpnia 2023 r. dotycząca adresu strony internetowej, na której można złożyć deklarację przystąpienia do egzaminu maturalnego <strong>w postaci elektronicznej</strong>.</p>



<p></p>



<p><strong><a href="https://cke.gov.pl/egzamin-maturalny/egzamin-maturalny-w-formule-2023/harmonogram-komunikaty-i-informacje/rok-szkolny-2025-2026/">Deklaracje przystąpienia do egzaminu maturalnego w roku szkolnym 2025/2026</a>:</strong></p>



<figure class="wp-block-table"><table><tbody><tr><td>Nr<br>załącznika</td><td>Opis</td><td>Dokument do pobrania</td></tr><tr><td><strong>1a<br>Deklaracja<br>A</strong></td><td>Deklaracja dla zdającego, który ma obowiązek złożyć deklarację do <strong>dyrektora <u>szkoły macierzystej</u></strong>, tj. dla:<br>ucznia 4-letniego LO (<strong>Formuła 2023</strong>)<br>ucznia szkoły artystycznej realizującej program 4-letniego LO (<strong>Formuła 2023</strong>)<br>ucznia 5-letniego technikum (<strong>Formuła 2023</strong>)<br>ucznia branżowej szkoły II stopnia na podbudowie 8-letniej szkoły podstawowej (<strong>Formuła 2023</strong>)<br>absolwenta szkół wymienionych w pkt 1–4, który w roku 2023, 2024 lub 2025 przystępował już do egzaminu maturalnego w <strong>Formule 2023</strong><br>absolwenta ponadpodstawowej szkoły średniej (sprzed 2005 r.) – z&nbsp;wyjątkiem absolwenta, który przystąpił do egzaminu maturalnego w roku 2021 lub 2022, ale nie uzyskał świadectwa dojrzałości – którego szkoła nie została zlikwidowana (<strong>Formuła 2023</strong>)<br>absolwenta oddziału międzynarodowego w 3-letnim albo 4-letnim liceum ogólnokształcącym, posiadającego dyplom IB (<em>International Baccalaureate</em>), o którym mowa w art. 4 pkt 12 ustawy – <em>Prawo oświatowe</em> (<strong>Formuła 2023</strong>)<br>absolwenta 3-letniego LO (<strong>Formuła 2015</strong>)<br>absolwenta szkoły artystycznej realizującej program 3-letniego LO (<strong>Formuła 2015</strong>)<br>absolwenta 4-letniego technikum (<strong>Formuła 2015</strong>)<br>ucznia oraz absolwenta branżowej szkoły II stopnia na podbudowie gimnazjum (<strong>Formuła 2015</strong>)<br>absolwenta ponadpodstawowej szkoły średniej (sprzed 2005 r.), który przystąpił do egzaminu maturalnego w roku 2021 lub 2022, ale nie uzyskał świadectwa dojrzałości, którego szkoła nie została zlikwidowana (<strong>Formuła 2015</strong>).</td><td><a href="https://cke.gov.pl/images/_EGZAMIN_MATURALNY_OD_2023/komunikaty/2026/Zalaczniki/EM%202026%20Zal_1a%20Deklaracja%20A.docx">Pobierz Word</a><br><a href="http://cke.gov.pl/images/_EGZAMIN_MATURALNY_OD_2015/Komunikaty/2026/Zalaczniki/EM%202026%20Zal_1a%20Deklaracja%20A.pdf">Pobierz PDF</a></td></tr><tr><td><strong>1b<br>Deklaracja<br>B</strong></td><td>Deklaracja dla zdającego, który ma obowiązek złożyć deklarację do <strong>dyrektora <u>okręgowej komisji egzaminacyjnej</u></strong>, tj. dla:<br>absolwenta 4-letniego LO, 5-letniego technikum lub branżowej szkoły II stopnia na podbudowie 8-letniej szkoły podstawowej, którego macierzysta szkoła została zlikwidowana (<strong>Formuła 2023</strong>)<br>absolwenta 3-letniego LO lub szkoły artystycznej realizującej program 3-letniego LO, 4-letniego technikum, branżowej szkoły II stopnia na podbudowie gimnazjum, który ukończył szkołę do roku szkolnego 2024/2025 włącznie, którego macierzysta szkoła została zlikwidowana (<strong>Formuła 2015</strong>)<br>absolwenta uzupełniającego LO, który ukończył szkołę do roku szkolnego 2012/2013 włącznie (<strong>Formuła 2015</strong>)<br>absolwenta liceum profilowanego lub technikum uzupełniającego dla młodzieży, który ukończył szkołę do roku szkolnego 2014/2015 włącznie (<strong>Formuła 2015</strong>)<br>absolwenta ponadpodstawowej szkoły średniej (sprzed 2005 r.) – z&nbsp;wyjątkiem absolwenta, który przystąpił do egzaminu maturalnego w roku 2021 lub 2022, ale nie uzyskał świadectwa dojrzałości – którego szkoła została zlikwidowana (<strong>Formuła 2023</strong>)<br>absolwenta oddziału międzynarodowego w 3-letnim albo 4-letnim liceum ogólnokształcącym (<strong>Formuła 2023</strong>), posiadającego dyplom IB (<em>International Baccalaureate</em>), którego szkoła została zlikwidowana<br>absolwenta ponadpodstawowej szkoły średniej (sprzed 2005 r.), który przystąpił do egzaminu maturalnego w roku 2021 lub 2022, ale nie uzyskał świadectwa dojrzałości, którego szkoła została zlikwidowana (<strong>Formuła 2015</strong>)<br>osoby, która uzyskała (uzyska) świadectwo ukończenia 3-letniego LO na podstawie egzaminów eksternistycznych (<strong>Formuła 2015</strong>)<br>osoby, która uzyskała (uzyska) świadectwo ukończenia 4-letniego LO na podstawie egzaminów eksternistycznych (<strong>Formuła 2023</strong>)<br>osoby, która posiada świadectwo lub inny dokument – potwierdzający wykształcenie średnie lub średnie branżowe – wydany za granicą, ale nieuprawniający do podjęcia studiów w&nbsp;Rzeczypospolitej Polskiej (<strong>Formuła 2023</strong> – jeżeli przystępuje do egzaminu po raz pierwszy lub jeżeli w 2023 r., 2024 r. lub 2025 r. przystąpił do egzaminu w <strong>Formule 2023</strong>; <strong>Formuła 2015 </strong>– jeżeli przystępuje do egzaminu w <strong>Formule 2015</strong> po raz kolejny).</td><td><a href="https://cke.gov.pl/images/_EGZAMIN_MATURALNY_OD_2023/komunikaty/2026/Zalaczniki/EM%202026%20Zal_1b%20Deklaracja%20B.docx">Pobierz Word</a><br><a href="http://cke.gov.pl/images/_EGZAMIN_MATURALNY_OD_2015/Komunikaty/2026/Zalaczniki/EM%202026%20Zal_1b%20Deklaracja%20B.pdf">Pobierz PDF</a></td></tr></tbody></table></figure>



<p></p>
<div class="pdfprnt-buttons pdfprnt-buttons-page pdfprnt-bottom-left"><a href="https://oke.jaworzno.pl/www3/wp-json/wp/v2/pages/717?print=pdf" class="pdfprnt-button pdfprnt-button-pdf" target="_blank" ><span class="pdfprnt-button-title pdfprnt-button-pdf-title">Wersja do druku</span></a></div>

<p>Informacja&nbsp;dyrektora Centralnej Komisji Egzaminacyjnej z 17 sierpnia 2023 r. dotycząca adresu strony internetowej, na której można złożyć deklarację przystąpienia do&#46;&#46;&#46;</p>
