{"id":92,"date":"2019-11-18T14:25:29","date_gmt":"2019-11-18T13:25:29","guid":{"rendered":"https:\/\/oke.jaworzno.pl\/autoinstalator\/wordpressplugins\/?page_id=92"},"modified":"2026-03-19T13:53:01","modified_gmt":"2026-03-19T12:53:01","slug":"aktualnosci-eo","status":"publish","type":"page","link":"https:\/\/oke.jaworzno.pl\/www3\/eo\/aktualnosci-eo\/","title":{"rendered":"Harmonogram, komunikaty i informacje \u2013 egzamin \u00f3smoklasisty"},"content":{"rendered":"\n<h3 class=\"wp-block-heading\">Rok szkolny 2025\/2026<\/h3>\n\n\n\n<ul class=\"wp-block-list\">\n<li><a href=\"https:\/\/cke.gov.pl\/images\/_EGZAMIN_OSMOKLASISTY\/2026\/komunikaty\/20250820%20E8%20EM%20Komunikat%20o%20harmonogramie%202026.pdf\">Komunikat o harmonogramie egzamin\u00f3w w 2026 r.<\/a><\/li>\n\n\n\n<li><a href=\"https:\/\/cke.gov.pl\/images\/_EGZAMIN_OSMOKLASISTY\/2026\/komunikaty\/20251010%20E8%20Komunikat%20o%20dostosowaniach%202026_aktualizacja-1.pdf\">Komunikat o dostosowaniach egzaminu \u00f3smoklasisty w 2026 r.<\/a><\/li>\n\n\n\n<li><a href=\"https:\/\/cke.gov.pl\/images\/_EGZAMIN_OSMOKLASISTY\/2026\/komunikaty\/20250820%20E8_EM%20Komunikat%20o%20przyborach%202026.pdf\">Komunikat o materia\u0142ach i przyborach pomocniczych w 2026 r.<\/a><\/li>\n\n\n\n<li><a href=\"http:\/\/cke.gov.pl\/images\/_EGZAMIN_MATURALNY_OD_2023\/komunikaty\/2026\/komunikaty\/20250820%20Ortografia%20na%20egzaminach.pdf\">Informacja dotycz\u0105ca oceniania poprawno\u015bci ortograficznej w pracach egzaminacyjnych egzaminu \u00f3smoklasisty, egzaminu maturalnego i egzamin\u00f3w eksternistycznych<\/a><\/li>\n\n\n\n<li><a href=\"https:\/\/cke.gov.pl\/images\/_EGZAMIN_OSMOKLASISTY\/2026\/komunikaty\/20251010%20E8%202026%20Informacja%20Aktualizacja%20COMPL.pdf\">Informacja o sposobie organizacji i przeprowadzania egzaminu \u00f3smoklasisty w 2026 r.<\/a><\/li>\n\n\n\n<li><a href=\"https:\/\/cke.gov.pl\/images\/_EGZAMIN_OSMOKLASISTY\/2026\/komunikaty\/20251010%20E8%202026%20Informacja%20Aktualizacja%20ZA%C5%81%C4%84CZNIKI%20W%20WERSJI%20EDYTOWALNEJ.zip\">Informacja o sposobie organizacji i przeprowadzania egzaminu \u00f3smoklasisty w 2026 r. \u2013 wszystkie ZA\u0141\u0104CZNIKI w wersji edytowalnej<\/a><\/li>\n\n\n\n<li><a href=\"https:\/\/www.gov.pl\/web\/edukacja\/komunikat-ministra-edukacji-w-sprawie-wykazu-olimpiad-przedmiotowych-przeprowadzanych-z-przedmiotu-lub-przedmiotow-objetych-egzaminem-osmoklasisty-lub-egzaminem-maturalnym-oraz-konkursow-dla-uczniow-szkol-i-placowek-artystycznych\">Komunikat Ministra Edukacji Narodowej w sprawie wykazu olimpiad przedmiotowych przeprowadzanych z przedmiotu lub przedmiot\u00f3w obj\u0119tych egzaminem \u00f3smoklasisty lub egzaminem maturalnym oraz konkurs\u00f3w dla uczni\u00f3w szk\u00f3\u0142 i plac\u00f3wek artystycznych w roku szkolnym 2025\/2026<\/a><\/li>\n\n\n\n<li><a href=\"https:\/\/cke.gov.pl\/images\/_KOMUNIKATY\/20250916%20choroby%20przewlek%C5%82e%202026.pdf\">Informacja Centralnej Komisji Egzaminacyjnej z 16 wrze\u015bnia 2025 r. dotycz\u0105ca szczeg\u00f3\u0142owych sposob\u00f3w dostosowania warunk\u00f3w i form przeprowadzania egzaminu \u00f3smoklasisty oraz egzaminu maturalnego w roku szkolnym 2025\/2026<\/a><\/li>\n\n\n\n<li><a href=\"https:\/\/oke.jaworzno.pl\/www3\/wp-content\/uploads\/eo\/2026\/E8-2026_Szkolenie_dla_dyrektor\u00f3w_o_dostosowaniach-RW.mp4\">Prezentacja dotycz\u0105c\u0105 dostosowania warunk\u00f3w i form przeprowadzania egzaminu \u00f3smoklasisty w 2026 roku &#8211; MP4<\/a><\/li>\n\n\n\n<li><a href=\"https:\/\/oke.jaworzno.pl\/www3\/wp-content\/uploads\/eo\/2026\/E8-2026_Szkolenie dla dyrektor\u00f3w o dostosowaniach_KS.pdf\">Prezentacja dotycz\u0105c\u0105 dostosowania warunk\u00f3w i form przeprowadzania egzaminu \u00f3smoklasisty w 2026 roku &#8211; PDF<\/a><\/li>\n<\/ul>\n\n\n\n<p>Formularze przydatne dla zdaj\u0105cych oraz rodzic\u00f3w\/opiekun\u00f3w:<\/p>\n\n\n\n<figure class=\"wp-block-table\"><table><tbody><tr><td>Nr za\u0142\u0105cznika<\/td><td>Opis<\/td><td>Dokument do pobrania<\/td><\/tr><tr><td><strong>2a<\/strong><\/td><td>Wniosek rodzic\u00f3w o zwolnienie ucznia z obowi\u0105zku przyst\u0105pienia do egzaminu \u00f3smoklasisty<\/td><td><a href=\"https:\/\/cke.gov.pl\/images\/_EGZAMIN_OSMOKLASISTY\/2026\/Zalaczniki\/ZA%C5%81%C4%84CZNIK%202a%20Wniosek%20o%20zwolnienie%20z%20przyst%C4%85pienia%20do%20E8.docx\">Pobierz<\/a><\/td><\/tr><tr><td><strong>3a<\/strong><\/td><td>Deklaracja wskazuj\u0105ca j\u0119zyk obcy nowo\u017cytny, z kt\u00f3rego ucze\u0144 (s\u0142uchacz) przyst\u0105pi do egzaminu \u00f3smoklasisty + Informacja o zmianie j\u0119zyka obcego nowo\u017cytnego wskazanego w deklaracji<\/td><td><a href=\"https:\/\/cke.gov.pl\/images\/_EGZAMIN_OSMOKLASISTY\/2026\/Zalaczniki\/ZA%C5%81%C4%84CZNIK%203a%20Deklaracja%20wskazanie%20j%C4%99zyka%20obcego%20E8.docx\">Pobierz<\/a><\/td><\/tr><tr><td><strong>3b<\/strong><\/td><td>Deklaracja o zamiarze przyst\u0105pienia do egzaminu \u00f3smoklasisty z matematyki w j\u0119zyku mniejszo\u015bci narodowej, mniejszo\u015bci etnicznej lub j\u0119zyku regionalnym + Informacja o&nbsp;rezygnacji z przyst\u0105pienia do egzaminu \u00f3smoklasisty z matematyki w jednym z ww. j\u0119zyk\u00f3w<\/td><td><a href=\"https:\/\/cke.gov.pl\/images\/_EGZAMIN_OSMOKLASISTY\/2026\/Zalaczniki\/ZA%C5%81%C4%84CZNIK%203b%20Deklaracja%20matematyka%20w%20j%C4%99zyku%20mniejszo%C5%9Bci.docx\">Pobierz<\/a><\/td><\/tr><tr><td><strong>3c<\/strong><\/td><td>Wniosek o wprowadzenie zmian w deklaracji przyst\u0105pienia ucznia\/s\u0142uchacza do egzaminu \u00f3smoklasisty z\u202fj\u0119zyka obcego nowo\u017cytnego w zwi\u0105zku z uzyskaniem tytu\u0142u laureata lub finalisty olimpiady albo laureata konkursu przedmiotowego o zasi\u0119gu wojew\u00f3dzkim lub ponadwojew\u00f3dzkim<\/td><td><a href=\"https:\/\/cke.gov.pl\/images\/_EGZAMIN_OSMOKLASISTY\/2026\/Zalaczniki\/ZA%C5%81%C4%84CZNIK%203c%20Deklaracja%20Zmiany%20po%20olimpiadzie%20lub%20konkursie%20E8.docx\">Pobierz<\/a><\/td><\/tr><tr><td><strong>3d<\/strong><\/td><td>Deklaracja wskazuj\u0105ca j\u0119zyk obcy nowo\u017cytny, z kt\u00f3rego ucze\u0144 \u2013 obywatel Ukrainy przyst\u0105pi do egzaminu \u00f3smoklasisty + Informacja o zmianie j\u0119zyka obcego nowo\u017cytnego wskazanego w deklaracji<\/td><td><a href=\"https:\/\/cke.gov.pl\/images\/_EGZAMIN_OSMOKLASISTY\/2026\/Zalaczniki\/ZA%C5%81%C4%84CZNIK%203d%20Deklaracja%20Ucze%C5%84_obywatel%20Ukrainy%20UCHYLONA%20DO%205%20WRZE%C5%9ANIA.docx\">Pobierz<\/a><\/td><\/tr><tr><td><strong>12b<\/strong><\/td><td>Wniosek o wgl\u0105d do dokumentacji stanowi\u0105cej podstaw\u0119 uniewa\u017cnienia egzaminu \u00f3smoklasisty z&nbsp;danego przedmiotu i z\u0142o\u017cenie wyja\u015bnie\u0144<\/td><td><a href=\"https:\/\/cke.gov.pl\/images\/_EGZAMIN_OSMOKLASISTY\/2026\/Zalaczniki\/ZA%C5%81%C4%84CZNIK%2012b%20Wgl%C4%85d%20do%20dokumentacji%20dotycz%C4%85cej%20uniewa%C5%BCnienia%20E8.docx\">Pobierz<\/a><\/td><\/tr><tr><td><strong>12d<\/strong><\/td><td>Zg\u0142oszenie zastrze\u017ce\u0144 do rozstrzygni\u0119cia dyrektora OKE w zakresie uniewa\u017cnienia egzaminu \u00f3smoklasisty z&nbsp;danego przedmiotu<\/td><td><a href=\"https:\/\/cke.gov.pl\/images\/_EGZAMIN_OSMOKLASISTY\/2026\/Zalaczniki\/ZA%C5%81%C4%84CZNIK%2012d%20Zastrze%C5%BCenia%20do%20uniewa%C5%BCnienia%20E8.docx\">Pobierz<\/a><\/td><\/tr><tr><td><strong>13a<\/strong><\/td><td>Zastrze\u017cenia do dyrektora OKE w zwi\u0105zku z naruszeniem przepis\u00f3w dotycz\u0105cych przeprowadzania egzaminu \u00f3smoklasisty<\/td><td><a href=\"https:\/\/cke.gov.pl\/images\/_EGZAMIN_OSMOKLASISTY\/2026\/Zalaczniki\/ZA%C5%81%C4%84CZNIK%2013a%20Zastrze%C5%BCenia%20do%20z%C5%82amania%20przepis%C3%B3w%20przeprowadzania%20E8.docx\">Pobierz<\/a><\/td><\/tr><tr><td><strong>13c<\/strong><\/td><td>Zg\u0142oszenie zastrze\u017ce\u0144 do rozstrzygni\u0119cia dyrektora OKE dotycz\u0105cego naruszenia przepis\u00f3w przeprowadzania egzaminu \u00f3smoklasisty<\/td><td><a href=\"https:\/\/cke.gov.pl\/images\/_EGZAMIN_OSMOKLASISTY\/2026\/Zalaczniki\/ZA%C5%81%C4%84CZNIK%2013c%20Zg%C5%82oszenie%20zastrze%C5%BCe%C5%84%20do%20rozstrzygni%C4%99cia%20w%20zakresie%20przepis%C3%B3w%20przeprowadzania%20E8.docx\">Pobierz<\/a><\/td><\/tr><tr><td><strong>16a<\/strong><\/td><td>Wniosek o wgl\u0105d do sprawdzonej i ocenionej pracy egzaminacyjnej z egzaminu \u00f3smoklasisty<\/td><td><a href=\"https:\/\/cke.gov.pl\/images\/_EGZAMIN_OSMOKLASISTY\/2026\/Zalaczniki\/ZA%C5%81%C4%84CZNIK%2016a%20Wniosek%20o%20wgl%C4%85d%20E8.docx\">Pobierz<\/a><\/td><\/tr><tr><td><strong>16b<\/strong><\/td><td>Wniosek o weryfikacj\u0119 sumy punkt\u00f3w w pracy egzaminacyjnej egzaminu \u00f3smoklasisty<\/td><td><a href=\"https:\/\/cke.gov.pl\/images\/_EGZAMIN_OSMOKLASISTY\/2026\/Zalaczniki\/ZA%C5%81%C4%84CZNIK%2016b%20Wniosek%20o%20weryfikacj%C4%99%20sumy%20punkt%C3%B3w%20E8.docx\">Pobierz<\/a><\/td><\/tr><tr><td><strong>17<\/strong><\/td><td>Informacja o egzaminie \u00f3smoklasisty w 2026 r. w j\u0119zyku ukrai\u0144skim<\/td><td><a href=\"https:\/\/cke.gov.pl\/images\/_EGZAMIN_OSMOKLASISTY\/2026\/Zalaczniki\/ZA%C5%81%C4%84CZNIK%2017%20Informacje%20dla%20uczni%C3%B3w_obywateli%20Ukrainy%20UCHYLONA%20DO%205%20WRZE%C5%9ANIA.docx\">Pobierz<\/a><\/td><\/tr><\/tbody><\/table><\/figure>\n<div class=\"pdfprnt-buttons pdfprnt-buttons-page pdfprnt-bottom-left\"><a href=\"https:\/\/oke.jaworzno.pl\/www3\/wp-json\/wp\/v2\/pages\/92?print=pdf\" class=\"pdfprnt-button pdfprnt-button-pdf\" target=\"_blank\" ><span class=\"pdfprnt-button-title pdfprnt-button-pdf-title\">Wersja do druku<\/span><\/a><\/div>","protected":false},"excerpt":{"rendered":"<p>Rok szkolny 2025\/2026 Formularze przydatne dla zdaj\u0105cych oraz rodzic\u00f3w\/opiekun\u00f3w: Nr za\u0142\u0105cznika Opis Dokument do pobrania 2a Wniosek rodzic\u00f3w o zwolnienie&#46;&#46;&#46;<\/p>\n","protected":false},"author":1,"featured_media":0,"parent":21,"menu_order":0,"comment_status":"closed","ping_status":"closed","template":"","meta":{"_editorskit_title_hidden":false,"_editorskit_reading_time":1,"_editorskit_is_block_options_detached":false,"_editorskit_block_options_position":"{}","footnotes":""},"class_list":["post-92","page","type-page","status-publish","hentry"],"publishpress_future_workflow_manual_trigger":{"enabledWorkflows":[]},"_links":{"self":[{"href":"https:\/\/oke.jaworzno.pl\/www3\/wp-json\/wp\/v2\/pages\/92","targetHints":{"allow":["GET"]}}],"collection":[{"href":"https:\/\/oke.jaworzno.pl\/www3\/wp-json\/wp\/v2\/pages"}],"about":[{"href":"https:\/\/oke.jaworzno.pl\/www3\/wp-json\/wp\/v2\/types\/page"}],"author":[{"embeddable":true,"href":"https:\/\/oke.jaworzno.pl\/www3\/wp-json\/wp\/v2\/users\/1"}],"replies":[{"embeddable":true,"href":"https:\/\/oke.jaworzno.pl\/www3\/wp-json\/wp\/v2\/comments?post=92"}],"version-history":[{"count":8,"href":"https:\/\/oke.jaworzno.pl\/www3\/wp-json\/wp\/v2\/pages\/92\/revisions"}],"predecessor-version":[{"id":9472,"href":"https:\/\/oke.jaworzno.pl\/www3\/wp-json\/wp\/v2\/pages\/92\/revisions\/9472"}],"up":[{"embeddable":true,"href":"https:\/\/oke.jaworzno.pl\/www3\/wp-json\/wp\/v2\/pages\/21"}],"wp:attachment":[{"href":"https:\/\/oke.jaworzno.pl\/www3\/wp-json\/wp\/v2\/media?parent=92"}],"curies":[{"name":"wp","href":"https:\/\/api.w.org\/{rel}","templated":true}]}}